{"id":6,"date":"2023-07-23T14:01:12","date_gmt":"2023-07-23T12:01:12","guid":{"rendered":"https:\/\/www.m-kovo.cz\/?page_id=6"},"modified":"2024-05-09T13:35:52","modified_gmt":"2024-05-09T11:35:52","slug":"o-nas","status":"publish","type":"page","link":"https:\/\/www.m-kovo.cz\/index.php\/o-nas\/","title":{"rendered":"Profil"},"content":{"rendered":"\n<p>Zalo\u017een\u00ed firmy M &#8211; KOVO s.r.o. dne 20.1.1998 spisov\u00e1 zna\u010dka C 29247 veden\u00e1 u Krajsk\u00e9ho soudu v Brn\u011b. Identifika\u010dn\u00ed \u010d\u00edslo 25515799 pr\u00e1vn\u00ed forma Spole\u010dnost s ru\u010den\u00edm omezen\u00fdm. Spole\u010dnost nav\u00e1zala na v\u00fdrobn\u00ed provoz b\u00fdval\u00e9ho OPP zalo\u017een\u00e9ho roku 1960. N\u00e1sledn\u011b nav\u00e1zala svoji v\u00fdrobn\u00ed \u010dinnost na podnik\u00e1n\u00ed fyzick\u00e9 osoby pana Ji\u0159\u00edho Mi\u010dkeho, kter\u00fd v&nbsp;m\u00edstn\u00ed pr\u016fmyslov\u00e9 z\u00f3n\u011b koupil cel\u00fd are\u00e1l v&nbsp;roce 1991. Zm\u011bna formy spole\u010dnosti na M &#8211; KOVO s.r.o. byla dal\u0161\u00ed formou rozvoje firmy.<\/p>\n\n\n\n<div style=\"height:20px\" aria-hidden=\"true\" class=\"wp-block-spacer\"><\/div>\n\n\n\n<figure class=\"wp-block-image alignwide size-large\"><img loading=\"lazy\" decoding=\"async\" width=\"1024\" height=\"284\" src=\"https:\/\/www.m-kovo.cz\/wp-content\/uploads\/2023\/08\/cropped-projekce_CAD_CAM-1024x284.jpg\" alt=\"\" class=\"wp-image-62\" srcset=\"https:\/\/www.m-kovo.cz\/wp-content\/uploads\/2023\/08\/cropped-projekce_CAD_CAM-1024x284.jpg 1024w, https:\/\/www.m-kovo.cz\/wp-content\/uploads\/2023\/08\/cropped-projekce_CAD_CAM-300x83.jpg 300w, https:\/\/www.m-kovo.cz\/wp-content\/uploads\/2023\/08\/cropped-projekce_CAD_CAM-768x213.jpg 768w, https:\/\/www.m-kovo.cz\/wp-content\/uploads\/2023\/08\/cropped-projekce_CAD_CAM-1536x426.jpg 1536w, https:\/\/www.m-kovo.cz\/wp-content\/uploads\/2023\/08\/cropped-projekce_CAD_CAM-2048x568.jpg 2048w\" sizes=\"auto, (max-width: 1024px) 100vw, 1024px\" \/><\/figure>\n\n\n\n<div style=\"height:20px\" aria-hidden=\"true\" class=\"wp-block-spacer\"><\/div>\n\n\n\n<p><strong>V\u00fdrobn\u00ed potenci\u00e1l firmy tvo\u0159\u00ed n\u00e1sleduj\u00ed t\u0159i aktivity:<\/strong><\/p>\n\n\n\n<ul class=\"wp-block-list\">\n<li>stroj\u00edrensk\u00e1 v\u00fdroba<\/li>\n\n\n\n<li>z\u00e1me\u010dnick\u00e1 v\u00fdroba<\/li>\n\n\n\n<li>n\u00e1stroja\u0159sk\u00e1 v\u00fdroba<\/li>\n<\/ul>\n\n\n\n<p><strong>Mezi na\u0161e hlavn\u00ed obchodn\u00ed trhy pat\u0159\u00ed:<\/strong><\/p>\n\n\n\n<ul class=\"wp-block-list\">\n<li>N\u011bmecko<\/li>\n\n\n\n<li>Rakousko<\/li>\n\n\n\n<li>Holandsko<\/li>\n\n\n\n<li>USA&nbsp;&nbsp;<\/li>\n<\/ul>\n\n\n\n<p>Na\u0161e spole\u010dnost je 100% \u010desk\u00e1, nem\u00e1me \u017e\u00e1dn\u00fd ciz\u00ed kapit\u00e1l, ale dlouholet\u00e9 zku\u0161enosti (jak dobr\u00e9, tak \u0161patn\u00e9) se zahrani\u010dn\u00edmi partnery n\u00e1m dovoluj\u00ed pl\u00e1novat a nab\u00eddnout nov\u00e9 v\u00fdrobn\u00ed mo\u017enosti.<\/p>\n\n\n\n<p>S pozdravem a p\u0159\u00e1n\u00edm dobr\u00e9 vz\u00e1jemn\u00e9 spolupr\u00e1ce se t\u011b\u0161\u00ed <\/p>\n\n\n\n<p><strong>Tom\u00e1\u0161 Mi\u010dke<\/strong><\/p>\n\n\n\n<p>obchodn\u00ed \u0159editel a jednatel&nbsp;mobil: +420 603 845&nbsp;298<\/p>\n","protected":false},"excerpt":{"rendered":"<p>Zalo\u017een\u00ed firmy M &#8211; KOVO s.r.o. dne 20.1.1998 spisov\u00e1 zna\u010dka C 29247 veden\u00e1 u Krajsk\u00e9ho soudu v Brn\u011b. Identifika\u010dn\u00ed \u010d\u00edslo 25515799 pr\u00e1vn\u00ed forma Spole\u010dnost s ru\u010den\u00edm omezen\u00fdm. Spole\u010dnost nav\u00e1zala na v\u00fdrobn\u00ed provoz b\u00fdval\u00e9ho OPP zalo\u017een\u00e9ho roku 1960. N\u00e1sledn\u011b nav\u00e1zala svoji v\u00fdrobn\u00ed \u010dinnost na podnik\u00e1n\u00ed fyzick\u00e9 osoby pana Ji\u0159\u00edho Mi\u010dkeho, kter\u00fd v&nbsp;m\u00edstn\u00ed pr\u016fmyslov\u00e9 z\u00f3n\u011b koupil cel\u00fd &hellip;<br \/><a href=\"https:\/\/www.m-kovo.cz\/index.php\/o-nas\/\" class=\"more-link pen_button pen_element_default pen_icon_arrow_double\">Pokra\u010dovat ve\u00a0\u010dten\u00ed <span class=\"screen-reader-text\">Profil<\/span><\/a><\/p>\n","protected":false},"author":1,"featured_media":0,"parent":0,"menu_order":0,"comment_status":"closed","ping_status":"closed","template":"","meta":{"footnotes":""},"class_list":["post-6","page","type-page","status-publish","hentry"],"_links":{"self":[{"href":"https:\/\/www.m-kovo.cz\/index.php\/wp-json\/wp\/v2\/pages\/6","targetHints":{"allow":["GET"]}}],"collection":[{"href":"https:\/\/www.m-kovo.cz\/index.php\/wp-json\/wp\/v2\/pages"}],"about":[{"href":"https:\/\/www.m-kovo.cz\/index.php\/wp-json\/wp\/v2\/types\/page"}],"author":[{"embeddable":true,"href":"https:\/\/www.m-kovo.cz\/index.php\/wp-json\/wp\/v2\/users\/1"}],"replies":[{"embeddable":true,"href":"https:\/\/www.m-kovo.cz\/index.php\/wp-json\/wp\/v2\/comments?post=6"}],"version-history":[{"count":7,"href":"https:\/\/www.m-kovo.cz\/index.php\/wp-json\/wp\/v2\/pages\/6\/revisions"}],"predecessor-version":[{"id":336,"href":"https:\/\/www.m-kovo.cz\/index.php\/wp-json\/wp\/v2\/pages\/6\/revisions\/336"}],"wp:attachment":[{"href":"https:\/\/www.m-kovo.cz\/index.php\/wp-json\/wp\/v2\/media?parent=6"}],"curies":[{"name":"wp","href":"https:\/\/api.w.org\/{rel}","templated":true}]}}

<p>Založení firmy M &#8211; KOVO s.r.o. dne 20.1.1998 spisová značka C 29247 vedená u Krajského soudu v Brně. Identifikační číslo 25515799 právní forma Společnost s ručením omezeným. Společnost navázala na výrobní provoz bývalého OPP založeného roku 1960. Následně navázala svoji výrobní činnost na podnikání fyzické osoby pana Jiřího Mičkeho, který v&nbsp;místní průmyslové zóně koupil celý areál v&nbsp;roce 1991. Změna formy společnosti na M &#8211; KOVO s.r.o. byla další formou rozvoje firmy.</p>



<div style="height:20px" aria-hidden="true" class="wp-block-spacer"></div>



<figure class="wp-block-image alignwide size-large"><img loading="lazy" decoding="async" width="1024" height="284" src="https://www.m-kovo.cz/wp-content/uploads/2023/08/cropped-projekce_CAD_CAM-1024x284.jpg" alt="" class="wp-image-62" srcset="https://www.m-kovo.cz/wp-content/uploads/2023/08/cropped-projekce_CAD_CAM-1024x284.jpg 1024w, https://www.m-kovo.cz/wp-content/uploads/2023/08/cropped-projekce_CAD_CAM-300x83.jpg 300w, https://www.m-kovo.cz/wp-content/uploads/2023/08/cropped-projekce_CAD_CAM-768x213.jpg 768w, https://www.m-kovo.cz/wp-content/uploads/2023/08/cropped-projekce_CAD_CAM-1536x426.jpg 1536w, https://www.m-kovo.cz/wp-content/uploads/2023/08/cropped-projekce_CAD_CAM-2048x568.jpg 2048w" sizes="auto, (max-width: 1024px) 100vw, 1024px" /></figure>



<div style="height:20px" aria-hidden="true" class="wp-block-spacer"></div>



<p><strong>Výrobní potenciál firmy tvoří následují tři aktivity:</strong></p>



<ul class="wp-block-list">
<li>strojírenská výroba</li>



<li>zámečnická výroba</li>



<li>nástrojařská výroba</li>
</ul>



<p><strong>Mezi naše hlavní obchodní trhy patří:</strong></p>



<ul class="wp-block-list">
<li>Německo</li>



<li>Rakousko</li>



<li>Holandsko</li>



<li>USA&nbsp;&nbsp;</li>
</ul>



<p>Naše společnost je 100% česká, nemáme žádný cizí kapitál, ale dlouholeté zkušenosti (jak dobré, tak špatné) se zahraničními partnery nám dovolují plánovat a nabídnout nové výrobní možnosti.</p>



<p>S pozdravem a přáním dobré vzájemné spolupráce se těší </p>



<p><strong>Tomáš Mičke</strong></p>



<p>obchodní ředitel a jednatel&nbsp;mobil: +420 603 845&nbsp;298</p>

<p>Založení firmy M &#8211; KOVO s.r.o. dne 20.1.1998 spisová značka C 29247 vedená u Krajského soudu v Brně. Identifikační číslo 25515799 právní forma Společnost s ručením omezeným. Společnost navázala na výrobní provoz bývalého OPP založeného roku 1960. Následně navázala svoji výrobní činnost na podnikání fyzické osoby pana Jiřího Mičkeho, který v&nbsp;místní průmyslové zóně koupil celý &hellip;<br /><a href="https://www.m-kovo.cz/index.php/o-nas/" class="more-link pen_button pen_element_default pen_icon_arrow_double">Pokračovat ve čtení <span class="screen-reader-text">Profil</span></a></p>
