{"id":198,"date":"2023-11-02T08:37:49","date_gmt":"2023-11-02T07:37:49","guid":{"rendered":"https:\/\/www.m-kovo.cz\/?page_id=198"},"modified":"2024-05-08T22:57:58","modified_gmt":"2024-05-08T20:57:58","slug":"rezacka-kopriv-a-pice","status":"publish","type":"page","link":"https:\/\/www.m-kovo.cz\/index.php\/rezacka-kopriv-a-pice\/","title":{"rendered":"\u0158EZA\u010cKA KOP\u0158IV a P\u00cdCE"},"content":{"rendered":"\n<p class=\"has-text-align-center has-medium-font-size\"><strong>Za\u0159\u00edzen\u00ed pro ru\u010dn\u00ed \u0159ez\u00e1n\u00ed kop\u0159iv a p\u00edce pro drobn\u00e9 dom\u00e1c\u00ed zv\u00ed\u0159ectvo<\/strong><\/p>\n\n\n\n<div style=\"height:30px\" aria-hidden=\"true\" class=\"wp-block-spacer\"><\/div>\n\n\n\n<ul class=\"wp-block-list\">\n<li>jedn\u00e1 se o tradi\u010dn\u00ed v\u00fdrobek, kter\u00fd je na trhu ji\u017e n\u011bkolik des\u00edtek let\u00a0<\/li>\n\n\n\n<li>prod\u00e1v\u00e1me ji\u017e od 1 ks<\/li>\n\n\n\n<li>\u0161irok\u00e1\u00a0nab\u00eddka n\u00e1hradn\u00edch d\u00edl\u016f<\/li>\n\n\n\n<li>\u00a0v p\u0159\u00edpad\u011b odb\u011bru\u00a0 min. 10-ti \u00a0ks individu\u00e1ln\u00ed kalkulace ceny<\/li>\n<\/ul>\n\n\n\n<h2 class=\"wp-block-heading\">&nbsp;N\u00e1hradn\u00ed d\u00edly<\/h2>\n\n\n\n<ul class=\"wp-block-list\">\n<li>no\u017ee- sada 3 ks<\/li>\n\n\n\n<li>kolo bez no\u017e\u016f<\/li>\n\n\n\n<li>kolo v\u010detn\u011b no\u017e\u016f<\/li>\n\n\n\n<li>kole\u010dko n\u00edzk\u00e9, vysok\u00e9<\/li>\n\n\n\n<li>\u00fast\u00ed \u0159eza\u010dky<\/li>\n\n\n\n<li>bo\u010dnice<\/li>\n\n\n\n<li>h\u0159\u00eddelka<\/li>\n\n\n\n<li>\u0161nek<\/li>\n\n\n\n<li>osa<\/li>\n\n\n\n<li>kol\u00ed\u010dek ke \u0161neku<\/li>\n<\/ul>\n\n\n\n<div style=\"height:30px\" aria-hidden=\"true\" class=\"wp-block-spacer\"><\/div>\n\n\n<div class=\"wp-block-image\">\n<figure class=\"aligncenter size-large\"><img loading=\"lazy\" decoding=\"async\" width=\"723\" height=\"1024\" src=\"https:\/\/www.m-kovo.cz\/wp-content\/uploads\/2023\/11\/Rezacka_kopriv_CZ-723x1024.jpg\" alt=\"\" class=\"wp-image-199\" srcset=\"https:\/\/www.m-kovo.cz\/wp-content\/uploads\/2023\/11\/Rezacka_kopriv_CZ-723x1024.jpg 723w, https:\/\/www.m-kovo.cz\/wp-content\/uploads\/2023\/11\/Rezacka_kopriv_CZ-212x300.jpg 212w, https:\/\/www.m-kovo.cz\/wp-content\/uploads\/2023\/11\/Rezacka_kopriv_CZ-768x1088.jpg 768w, https:\/\/www.m-kovo.cz\/wp-content\/uploads\/2023\/11\/Rezacka_kopriv_CZ.jpg 876w\" sizes=\"auto, (max-width: 723px) 100vw, 723px\" \/><\/figure>\n<\/div>\n\n\n<div style=\"height:30px\" aria-hidden=\"true\" class=\"wp-block-spacer\"><\/div>\n\n\n\n<p class=\"has-text-align-center\" style=\"font-size:26px\"><strong>Objedn\u00e1vky a dotazy ohledn\u011b ceny pros\u00edm zas\u00edlejte na<\/strong><\/p>\n\n\n\n<p class=\"has-text-align-center\" style=\"font-size:26px\"><strong>email: buzgova@m-kovo.cz nebo telefonicky +420 567 276 185<\/strong><\/p>\n\n\n\n<div style=\"height:30px\" aria-hidden=\"true\" class=\"wp-block-spacer\"><\/div>\n\n\n\n<p class=\"has-text-align-center has-large-font-size\">Popt\u00e1vkov\u00fd formul\u00e1\u0159 pro cenovou nab\u00eddku od na\u0161\u00ed firmy:<\/p>\n\n\n\n<div style=\"height:30px\" aria-hidden=\"true\" class=\"wp-block-spacer\"><\/div>\n\n\n\n<p class=\"has-text-align-center has-medium-font-size\">Pros\u00edme vypl\u0148te n\u00e1sleduj\u00edc\u00ed \u00fadaje pro zasl\u00e1n\u00ed. D\u011bkujeme.<\/p>\n\n\n\n<div class=\"wp-block-group is-vertical is-content-justification-center is-layout-flex wp-container-core-group-is-layout-4b2eccd6 wp-block-group-is-layout-flex\"><p align=\"center\">\n<div class=\"wpcf7 no-js\" id=\"wpcf7-f232-o1\" lang=\"cs-CZ\" dir=\"ltr\">\n<div class=\"screen-reader-response\"><p role=\"status\" aria-live=\"polite\" aria-atomic=\"true\"><\/p> <ul><\/ul><\/div>\n<form action=\"\/index.php\/wp-json\/wp\/v2\/pages\/198#wpcf7-f232-o1\" method=\"post\" class=\"wpcf7-form init\" aria-label=\"Kontaktn\u00ed formul\u00e1\u0159\" novalidate=\"novalidate\" data-status=\"init\">\n<div style=\"display: none;\">\n<input type=\"hidden\" name=\"_wpcf7\" value=\"232\" \/>\n<input type=\"hidden\" name=\"_wpcf7_version\" value=\"5.9.8\" \/>\n<input type=\"hidden\" name=\"_wpcf7_locale\" value=\"cs_CZ\" \/>\n<input type=\"hidden\" name=\"_wpcf7_unit_tag\" value=\"wpcf7-f232-o1\" \/>\n<input type=\"hidden\" name=\"_wpcf7_container_post\" value=\"0\" \/>\n<input type=\"hidden\" name=\"_wpcf7_posted_data_hash\" value=\"\" \/>\n<\/div>\n<p align=\"center\"><br \/>\n<label> Va\u0161e jm\u00e9no<br \/>\n<span class=\"wpcf7-form-control-wrap\" data-name=\"your-name\"><input size=\"40\" maxlength=\"400\" class=\"wpcf7-form-control wpcf7-text wpcf7-validates-as-required\" autocomplete=\"name\" aria-required=\"true\" aria-invalid=\"false\" value=\"\" type=\"text\" name=\"your-name\" \/><\/span> <\/label>\n<\/p>\n<p align=\"center\"><br \/>\n<label> V\u00e1\u0161 e-mail<br \/>\n<span class=\"wpcf7-form-control-wrap\" data-name=\"your-email\"><input size=\"40\" maxlength=\"400\" class=\"wpcf7-form-control wpcf7-email wpcf7-validates-as-required wpcf7-text wpcf7-validates-as-email\" autocomplete=\"email\" aria-required=\"true\" aria-invalid=\"false\" value=\"\" type=\"email\" name=\"your-email\" \/><\/span> <\/label>\n<\/p>\n<p align=\"center\"><br \/>\n<label> Adresa<br \/>\n<span class=\"wpcf7-form-control-wrap\" data-name=\"your-subject\"><input size=\"40\" maxlength=\"400\" class=\"wpcf7-form-control wpcf7-text wpcf7-validates-as-required\" aria-required=\"true\" aria-invalid=\"false\" value=\"\" type=\"text\" name=\"your-subject\" \/><\/span> <\/label>\n<\/p>\n<p align=\"center\"><br \/>\n<label> Zem\u011b<br \/>\n<span class=\"wpcf7-form-control-wrap\" data-name=\"Region\"><input size=\"40\" maxlength=\"400\" class=\"wpcf7-form-control wpcf7-text wpcf7-validates-as-required\" aria-required=\"true\" aria-invalid=\"false\" value=\"\u010cesk\u00e1 Republika\" type=\"text\" name=\"Region\" \/><\/span> <\/label>\n<\/p>\n<p align=\"center\"><br \/>\n<label> Produkt<br \/>\n<span class=\"wpcf7-form-control-wrap\" data-name=\"Produkt\"><select class=\"wpcf7-form-control wpcf7-select wpcf7-validates-as-required\" aria-required=\"true\" aria-invalid=\"false\" multiple=\"multiple\" name=\"Produkt[]\"><option value=\"\">&#8212;Zvolte pros\u00edm mo\u017enost&#8212;<\/option><option value=\"Naklep\u00e1va\u010d\">Naklep\u00e1va\u010d<\/option><option value=\"\u0158eza\u010dka\">\u0158eza\u010dka<\/option><option value=\"komponenta - kolo v\u010detn\u011b no\u017e\u016f\">komponenta - kolo v\u010detn\u011b no\u017e\u016f<\/option><option value=\"komponenta - \u0161nek\">komponenta - \u0161nek<\/option><option value=\"komponenta - kole\u010dko n\u00edzk\u00e9,vysok\u00e9\">komponenta - kole\u010dko n\u00edzk\u00e9,vysok\u00e9<\/option><option value=\"komponenta - n\u016f\u017e\">komponenta - n\u016f\u017e<\/option><option value=\"komponenta - klobou\u010dek\">komponenta - klobou\u010dek<\/option><option value=\"komponenta - kole\u010dko v\u010detn\u011b n\u00fdt\u016f\">komponenta - kole\u010dko v\u010detn\u011b n\u00fdt\u016f<\/option><option value=\"komponenta - h\u0159\u00eddelka kr\u00e1tk\u00e1\">komponenta - h\u0159\u00eddelka kr\u00e1tk\u00e1<\/option><option value=\"komponenta - h\u0159\u00eddelka dlouh\u00e1\">komponenta - h\u0159\u00eddelka dlouh\u00e1<\/option><option value=\"komponenta - h\u0159\u00eddelka na \u0161nek\">komponenta - h\u0159\u00eddelka na \u0161nek<\/option><option value=\"komponenta - \u00fast\u00ed \u0159eza\u010dky\">komponenta - \u00fast\u00ed \u0159eza\u010dky<\/option><option value=\"komponenta - bo\u010dnice lev\u00e1 nebo prav\u00e1\">komponenta - bo\u010dnice lev\u00e1 nebo prav\u00e1<\/option><option value=\"komponenta - v\u00e1le\u010dek  \/nutno objednat 2ks\">komponenta - v\u00e1le\u010dek  \/nutno objednat 2ks<\/option><option value=\"komponenta - kol\u00ed\u010dek ke \u0161neku\">komponenta - kol\u00ed\u010dek ke \u0161neku<\/option><\/select><\/span> <\/label>\n<\/p>\n<p align=\"center\"><br \/>\n<label> Va\u0161e zpr\u00e1va (voliteln\u00fd)<br \/>\n<span class=\"wpcf7-form-control-wrap\" data-name=\"your-message\"><textarea cols=\"40\" rows=\"10\" maxlength=\"2000\" class=\"wpcf7-form-control wpcf7-textarea\" aria-invalid=\"false\" name=\"your-message\"><\/textarea><\/span> <\/label>\n<\/p>\n<p align=\"center\"><br \/>\n<input class=\"wpcf7-form-control wpcf7-submit has-spinner\" type=\"submit\" value=\"Odeslat\" \/>\n<\/p><p style=\"display: none !important;\" class=\"akismet-fields-container\" data-prefix=\"_wpcf7_ak_\"><label>&#916;<textarea name=\"_wpcf7_ak_hp_textarea\" cols=\"45\" rows=\"8\" maxlength=\"100\"><\/textarea><\/label><input type=\"hidden\" id=\"ak_js_1\" name=\"_wpcf7_ak_js\" value=\"81\"\/><script>document.getElementById( \"ak_js_1\" ).setAttribute( \"value\", ( new Date() ).getTime() );<\/script><\/p><div class=\"wpcf7-response-output\" aria-hidden=\"true\"><\/div>\n<\/form>\n<\/div>\n<\/p>\n\n\n\n<p><\/p>\n<\/div>\n","protected":false},"excerpt":{"rendered":"<p>Za\u0159\u00edzen\u00ed pro ru\u010dn\u00ed \u0159ez\u00e1n\u00ed kop\u0159iv a p\u00edce pro drobn\u00e9 dom\u00e1c\u00ed zv\u00ed\u0159ectvo &nbsp;N\u00e1hradn\u00ed d\u00edly Objedn\u00e1vky a dotazy ohledn\u011b ceny pros\u00edm zas\u00edlejte na email: buzgova@m-kovo.cz nebo telefonicky +420 567 276 185 Popt\u00e1vkov\u00fd formul\u00e1\u0159 pro cenovou nab\u00eddku od na\u0161\u00ed firmy: Pros\u00edme vypl\u0148te n\u00e1sleduj\u00edc\u00ed \u00fadaje pro zasl\u00e1n\u00ed. D\u011bkujeme.<\/p>\n","protected":false},"author":2,"featured_media":0,"parent":0,"menu_order":0,"comment_status":"closed","ping_status":"closed","template":"","meta":{"footnotes":""},"class_list":["post-198","page","type-page","status-publish","hentry"],"_links":{"self":[{"href":"https:\/\/www.m-kovo.cz\/index.php\/wp-json\/wp\/v2\/pages\/198","targetHints":{"allow":["GET"]}}],"collection":[{"href":"https:\/\/www.m-kovo.cz\/index.php\/wp-json\/wp\/v2\/pages"}],"about":[{"href":"https:\/\/www.m-kovo.cz\/index.php\/wp-json\/wp\/v2\/types\/page"}],"author":[{"embeddable":true,"href":"https:\/\/www.m-kovo.cz\/index.php\/wp-json\/wp\/v2\/users\/2"}],"replies":[{"embeddable":true,"href":"https:\/\/www.m-kovo.cz\/index.php\/wp-json\/wp\/v2\/comments?post=198"}],"version-history":[{"count":10,"href":"https:\/\/www.m-kovo.cz\/index.php\/wp-json\/wp\/v2\/pages\/198\/revisions"}],"predecessor-version":[{"id":310,"href":"https:\/\/www.m-kovo.cz\/index.php\/wp-json\/wp\/v2\/pages\/198\/revisions\/310"}],"wp:attachment":[{"href":"https:\/\/www.m-kovo.cz\/index.php\/wp-json\/wp\/v2\/media?parent=198"}],"curies":[{"name":"wp","href":"https:\/\/api.w.org\/{rel}","templated":true}]}}